Let y(s) = -5*s + 120. Determine y(23).
5
Let q(a) = -a**3 + 37*a**2 - 7*a - 93. What is q(37)?
-352
Let s(t) = t**3 + 27*t**2 - 8*t - 90. What is s(-27)?
126
Let w(x) = x**3 + 10*x**2 + 26*x + 315. Give w(-10).
55
Let f(m) = 2*m + 52. Calculate f(9).
70
Let o(x) = -11*x**2 - 2*x - 20. Give o(-3).
-113
Let h(o) = -308*o - 16. Determine h(0).
-16
Let n(k) = k**2 - 223*k + 9555. Determine n(59).
-121
Let t(m) = -13*m + 560. Determine t(45).
-25
Let h(m) = 10*m**2 - 19*m - 9. What is h(4)?
75
Let s(q) = -q**2 - 25*q + 592. Calculate s(15).
-8
Let m(f) = 112*f**2 - f. Determine m(2).
446
Let q(p) = -94*p**2 + 56*p + 57. Calculate q(-1).
-93
Let g(m) = -m**2 + 16*m + 283. What is g(27)?
-14
Let j(c) = -9*c**2 + 681*c + 133. Determine j(76).
-95
Let d(h) = -1129*h + 20325. Give d(18).
3
Let t(b) = 6*b**2 - 243*b + 578. Calculate t(38).
8
Let b(h) = 3*h**2 - 280*h - 755. Determine b(96).
13
Let y(a) = -195*a - 2646. Give y(-14).
84
Let v(d) = -163*d**2 + 15*d - 13. Determine v(1).
-161
Let u(s) = -617*s**2 + 4944*s - 9. What is u(8)?
55
Let i(o) = 2*o**3 + 33*o**2 + 26*o + 16. Determine i(-17).
-715
Let z(t) = -2*t**2 - 202*t - 51. Give z(-101).
-51
Let o(v) = -182*v - 1817. What is o(-10)?
3
Let i(l) = -2*l**3 - 13*l**2 + 4*l + 56. Give i(2).
-4
Let c(g) = g**3 - 25*g**2 - 2*g + 58. Give c(25).
8
Let t(i) = -8*i - 246. Calculate t(-32).
10
Let c(a) = -29*a - 2411. Calculate c(-102).
547
Let y(j) = -j**2 - 186*j - 6781. What is y(-136)?
19
Let t(n) = 14*n**3 + 40*n**2 + 3*n + 19. What is t(-3)?
-8
Let j(r) = 7*r**2 + 251*r - 30. Determine j(-36).
6
Let v(f) = f**3 - 2*f**2 + 7*f + 38. What is v(-2)?
8
Let y(k) = 91*k**2 + 576*k + 10. Calculate y(-7).
437
Let f(z) = z**2 + 170*z + 845. Give f(-5).
20
Let y(k) = -22*k + 129. What is y(-5)?
239
Let w(d) = 66*d**2 - 397*d - 446. Calculate w(7).
9
Let y(n) = -6*n**2 - 39*n - 34. Give y(-6).
-16
Let n(g) = -21*g - 30. Determine n(1).
-51
Let x(k) = 7*k**2 - 155*k + 6. What is x(23)?
144
Let v(t) = 2779*t + 11130. Calculate v(-4).
14
Let n(c) = -c**3 - 27*c**2 + 61*c + 904. Calculate n(-28).
-20
Let a(b) = -28*b**3 - 34*b**2 + 3*b - 1. Determine a(2).
-355
Let t(p) = -p**3 - 44*p**2 - 4*p + 1727. What is t(-43)?
50
Let o(n) = -n**2 - 300*n + 2111. What is o(7)?
-38
Let w(s) = 36*s - 4492. What is w(125)?
8
Let l(y) = 3*y**2 - 109*y - 32. Give l(37).
42
Let a(t) = -45*t - 113. Determine a(-3).
22
Let r(l) = 2*l**2 - 59*l + 62. Give r(24).
-202
Let d(y) = y**3 + 16*y**2 - 6*y - 6. What is d(-16)?
90
Let y(p) = 97*p - 2879. Determine y(29).
-66
Let o(t) = -5*t**2 + 121*t - 162. Determine o(23).
-24
Let k(f) = 462*f - 5538. Determine k(12).
6
Let t(v) = 146*v - 3. Determine t(2).
289
Let i(q) = 2*q**3 - 59*q**2 + 32*q - 90. Calculate i(29).
-3
Let d(o) = -69*o**2 - 3798*o - 174. Calculate d(-55).
-9
Let s(j) = -24*j + 64. Calculate s(-4).
160
Let u(l) = -9883*l - 98823. Give u(-10).
7
Let x(g) = -58*g - 1912. Give x(-33).
2
Let s(z) = -2*z + 26. Give s(1).
24
Let z(s) = 2*s**3 + 12*s**2 + 9*s - 38. What is z(-4)?
-10
Let x(r) = -3*r**3 - 349*r**2 - 113*r + 340. Determine x(-116).
-8
Let z(t) = t**2 - 83*t + 297. Calculate z(79).
-19
Let a(i) = 219*i - 652. Calculate a(3).
5
Let q(c) = c**2 + 1021*c - 5139. Calculate q(5).
-9
Let k(b) = 15*b - 1710. What is k(114)?
0
Let v(s) = 416*s - 16223. Calculate v(39).
1
Let t(y) = -712*y + 13514. What is t(19)?
-14
Let x(o) = -o**3 - 9*o**2 - 5*o + 22. What is x(-8)?
-2
Let i(m) = -2*m**3 + 63*m**2 - 31*m - 6. Calculate i(31).
-6
Let t(y) = 60*y + 2575. Give t(-43).
-5
Let x(y) = 21*y - 60. Calculate x(-28).
-648
Let z(w) = 24*w**2 + 439*w + 122. Give z(-18).
-4
Let d(i) = 10*i - 159. Determine d(23).
71
Let z(q) = 5*q**2 + 214*q - 4783. Determine z(-59).
-4
Let n(d) = -23*d + 1487. What is n(68)?
-77
Let d(m) = m**2 - 15*m - 73. Calculate d(-10).
177
Let n(j) = -2*j**2 - 5*j + 341. Give n(-16).
-91
Let p(w) = w**3 - 86*w**2 - 665*w + 43044. Calculate p(88).
12
Let y(p) = p**3 - 9*p**2 + 16*p - 3. What is y(-5)?
-433
Let v(r) = -1080*r - 88564. Give v(-82).
-4
Let a(p) = p**3 + 6*p**2 - 16*p + 48. Determine a(-9).
-51
Let z(b) = 23*b**2 - 3*b - 1. Calculate z(3).
197
Let w(u) = -47*u**2 + u + 6. What is w(2)?
-180
Let j(y) = 5*y**2 + y + 33. What is j(0)?
33
Let z(m) = m**3 - 13*m**2 + 98*m - 1026. Calculate z(12).
6
Let h(f) = -347*f - 2434. Determine h(-7).
-5
Let g(w) = 322*w - 19644. Give g(61).
-2
Let z(g) = -8*g + 373. Give z(48).
-11
Let p(c) = -c**2 + 422*c + 3464. What is p(-8)?
24
Let v(u) = 12*u**2 - 20*u + 71. Calculate v(5).
271
Let d(p) = p**3 - 23*p**2 - 33*p + 195. Give d(24).
-21
Let k(v) = -6*v**2 + 336*v + 2645. What is k(63)?
-1
Let n(b) = b**3 - 39*b**2 + 210*b - 26. Give n(6).
46
Let j(f) = -3*f**3 - 7*f**2 + 30*f. What is j(-6)?
216
Let k(a) = -2*a**3 + 3*a**2 + 7*a + 6. Determine k(-1).
4
Let o(p) = -8*p**2 + 1147*p + 3428. Calculate o(-3).
-85
Let s(w) = w**3 - 121*w**2 - 136*w + 1710. Calculate s(122).
2
Let n(r) = r**3 - 2*r**2 + 22*r - 266. Calculate n(9).
499
Let r(i) = i**3 + 41*i**2 + 77*i - 56. Calculate r(-39).
-17
Let l(o) = o**3 - 19*o**2 + 68*o + 12. What is l(6)?
-48
Let k(q) = 94*q + 76. What is k(-3)?
-206
Let j(x) = 173*x - 1899. What is j(11)?
4
Let o(u) = 16*u + 65. Calculate o(-2).
33
Let r(x) = x**2 + 7*x - 739. Give r(24).
5
Let o(s) = -443*s + 9810. What is o(22)?
64
Let h(o) = o**3 - 64*o**2 + 14*o - 885. What is h(64)?
11
Let i(k) = -17*k**2 - 2691*k - 806. Calculate i(-158).
-16
Let i(k) = -9*k**2 + 179*k + 222. What is i(21)?
12
Let u(g) = -g**2 - 47*g + 679. What is u(12)?
-29
Let d(l) = 2*l - 63. Calculate d(-26).
-115
Let y(u) = -u**3 + 39*u**2 + 48*u - 281. Calculate y(40).
39
Let t(w) = w**3 + 34*w**2 - 276*w - 4681. Calculate t(-38).
31
Let i(a) = -6*a + 560. Calculate i(96).
-16
Let g(j) = 9*j**2 + 68*j - 19. Determine g(-8).
13
Let h(a) = 3*a**2 + 32*a - 10. Determine h(0).
-10
Let j(r) = 49*r - 2206. Calculate j(45).
-1
Let w(v) = 95*v + 478. Calculate w(-5).
3
Let l(b) = -25*b**2 + b + 8. What is l(-2)?
-94
Let j(f) = 3563*f + 21375. What is j(-6)?
-3
Let l(p) = -870*p - 7836. Give l(-9).
-6
Let h(u) = -u**2 + 232*u - 12905. Calculate h(140).
-25
Let j(y) = 70*y**2 - 155*y - 163. Determine j(3).
2
Let i(q) = 33*q + 28. Calculate i(-5).
-137
Let i(c) = -2*c**3 - 5*c**2 - c + 2. Determine i(-3).
14
Let r(w) = w**2 + 251*w + 13049. Calculate r(-178).
55
Let o(g) = 89*g - 264. Determine o(3).
3
Let v(c) = 16*c**2 - 4*c + 42. Give v(3).
174
Let b(c) = -80*c - 949. What is b(-12)?
11
Let t(f) = -4*f**3 + 24*f**2 + 24*f + 30. Determine t(7).
2
Let u(k) = k**2 + 27*k - 466. Determine u(13).
54
Let c(m) = m**2 + 198*m + 9121. Give c(-125).
-4
Let p(r) = -14*r - 510. What is p(-34)?
-34
Let i(s) = -50*s + 617. Calculate i(13).
-33
Let j(q) = -8*q**3 + 4*q**2 - 11*q + 5. What is j(2)?
-65
Let x(k) = 32*k + 847. Calculate x(-29).
-81
Let q(g) = -g**3 - 35*g**2 - 97*g + 1. Determine q(-3).
4
Let b(x) = -x**3 + 52*x**2 + 220*x + 210. Calculate b(56).
-14
Let z(m) = -33*m - 1008. Determine z(-31).
15
Let d(w) = -w - 28. Calculate d(-34).
6
Let o(m) = -4*m**2 + 152*m - 1072. Determine o(7).
-204
Let y(h) = -13*h**2 + 9*h + 64. Calculate y(-4).
-180
Let l(i) = -47*i**3 + i**2 - 2*i - 2. Determine l(-1).
48
Let f(d) = d**3 + 2*d**2 - 2*d + 26. Give f(0).
26
Let q(z) = 32*z - 659. Determine q(24).
109
Let y(c) = -c**2 - 45*c + 626. What is y(-58)?
-128
Let k(w) = -w**3 + 18*w**2 - 38*w + 187. Calculate k(16).
91
Let p(z) = 20*z + 91. Calculate p(-2).
51
Let p(j) = 15*j**2 - 452*j - 905. Calculate p(-2).
59
Let p(w) = -2*w**3 + 7*w**2 - w - 49. What is p(5)?
-129
Let z(m) = -167*m - 2502. What is z(-15)?
3
Let d(s) = -20*s + 428. Give d(24).
-52
Let a(t) = -1268*t + 25363. Calculate a(20).
3
Let h(d) = d**2 + 985*d + 5917. What is h(-6)?
43
Let b(d) = d**3 - 3*d**2 - 5*d - 29. Determine b(6).
49
Let j(h) = 8*h - 358. Determine j(47).
18
Let x(k) = -k**3 - 18*k**2 - 84*k - 36. Calculate x(-8).
-4
Let z(f) = 124*f - 250. Determine z(2).
-2
Let w(n) = -5*n**2 + 40*n + 71. What is w(9)?
26
Let t(w) = 57*w + 571. What is t(-8)?
115
Let l(z) = 327*z + 6179. Calculate l(-18).
293
Let l(k) = -83*k + 69. What is l(3)?
-180
Let q(i) = -87*i - 2966. Give q(-34).
-8
Let m(q) = 10*q - 139. Determine m(-8).
-219
Let o(m) = -4*m**3 + 180*m**